3*d, 3*d - 5*z - o = 0. Is d a prime number?
False
Suppose 22*x - 4206444 = -18*x + 2831516. Is x a prime number?
True
Let z = 806112 + -518453. Is z composite?
True
Suppose -29*d + 151140 = -7*d. Suppose -d - 1764 = -6*f. Is f composite?
False
Let b(k) = 4*k**3 - 13*k**2 + 9*k - 11. Let p be (-1 + 3 - -2) + -1. Suppose 4*a + 7 = p, 47 = 5*f + 3*a. Is b(f) a composite number?
True
Is (-5 - (4 + -4))*734113*8/(-40) a prime number?
True
Let j(m) = -796*m + 13023. Is j(-34) composite?
False
Let l(r) = 268*r**2 - r + 3. Let z = -30 + 25. Let f be (-28)/(-175)*z/2*-5. Is l(f) prime?
False
Let v = 637 + -345. Suppose 5*h - 154 = 1801. Let r = h + v. Is r a prime number?
True
Is (86723 - 1)/(2/(-4))*(-171)/684 prime?
False
Let u be (2 - 4)*14/21*-3. Suppose u*j - 6270 = 762. Let y = -709 + j. Is y prime?
True
Let o = 26367 + -18821. Let w = o - 4505. Is w a prime number?
True
Let v(w) = -28*w + 916. Let y be v(33). Let r be (-64)/(-3) - (-1)/(-3). Is (14/r)/((y/(-1437))/4) composite?
False
Let t = 10192 - 3861. Is t composite?
True
Let m be (-6 + (8 - 8))/(4/(-10)). Is 15/m - (3 + (-1138 - -1)) a composite number?
True
Suppose -6*i + 4026 = -1290. Let f = 2041 + i. Is f prime?
True
Is 111/444 + (-378150)/(-8) a composite number?
False
Let x(f) = -27*f**3 + 5*f**2 + 2*f + 1. Let p be x(-4). Let u(m) = 2755*m**2 - 1. Let w be u(-1). Let g = w - p. Is g composite?
False
Let c = 419 + -412. Suppose 29*n - c*n - 129206 = 0. Is n a composite number?
True
Suppose 0 = 5*o - 5*n - 4360, 0 = -2*o - 2*o + 3*n + 3493. Is o prime?
True
Let w = -65 - -55. Let x be 304/w - (-18)/45. Is (-8202)/x - 4 - 4/10 a prime number?
True
Suppose -45*a = -49*a - 1004. Let m = a - -533. Let n = m - 160. Is n a composite number?
True
Let p(w) = 3487*w**2 - 2*w - 4. Let h be p(5). Suppose h - 16021 = 20*y. Is y composite?
False
Suppose 0 = -3*l - 3*l + 24. Suppose -o = 4*o - 10, -l*o = 2*q + 7056. Let m = q + 6263. Is m a composite number?
False
Let q(n) = -n + 25. Let k = 165 - 148. Let v be q(k). Suppose -8797 = -v*c + 523. Is c a composite number?
True
Let p(g) = 38*g - 15 + 13769*g**2 + 19*g - 13694*g**2. Is p(6) composite?
True
Let f(t) = -2*t**2 - 8*t - 12. Let p be f(-3). Let i(x) = 8125*x + 10. Let l be i(p). Is (2/(-4))/((-5)/l*-2) prime?
True
Let u(n) = -924*n**3 + n**2 - 3*n + 7. Is u(-5) composite?
False
Let b = -92 - -103. Suppose -3*w + 712 = -485. Suppose -b*r + w = -8*r. Is r composite?
True
Suppose -8 = -3*s + 28. Suppose s*h + 36 = 16*h. Let d(u) = 65*u**2 + 6*u + 20. Is d(h) prime?
False
Suppose -31*y = -33*y + 642. Suppose n - 482 = y. Is n composite?
True
Let q(o) = -2042*o + 3439. Is q(-44) prime?
True
Suppose 24 - 87 = -9*m. Let z(b) = 6*b - 38. Let w be z(m). Is (-115290)/(-130) + 3/(78/w) a composite number?
False
Is (-11082)/9*(2/8)/(17/(-102)) a prime number?
True
Suppose 56404*t - 56426*t + 9418706 = 0. Is t prime?
False
Suppose 5*l + 10 = 0, -10*l = -3*j - 11*l - 26. Let r(s) = -266*s - 89. Is r(j) prime?
True
Let r be 5538/1 + (25 - 22). Suppose -b - 10 = -r. Is b composite?
False
Let j(i) = -200*i + 103. Let f(l) = 50*l - 25. Let b(c) = -9*f(c) - 2*j(c). Is b(-24) prime?
False
Let x be (1 - (3 + -3))*-3 + -5. Let m(v) = -11*v**3 - 9*v**2 + 3*v + 7. Is m(x) prime?
True
Suppose 0 = 63*t - 3132225 - 182142. Is t composite?
False
Suppose 3*w = 2*d + 77, 0 = -2*w - 0*w - d + 42. Suppose -i + w*u = 19*u - 993, -1998 = -2*i + 5*u. Is i composite?
False
Suppose -4*c + 5*r = 3*r - 138, -4*c - 3*r = -133. Suppose 37*y - 489 = c*y. Is y a prime number?
True
Suppose 17*s = 14*s - 3*w + 2922, 2*w = 2*s - 1928. Let j = 2590 - s. Is j composite?
False
Suppose -529*c + 5051786 = -24028931. Is c a composite number?
False
Suppose g + 6 = 1, 3*g + 820187 = 4*k. Is k composite?
False
Let t = 7325 - -9958. Suppose v = 4*v - t. Is v a composite number?
True
Let n be 16 + (-15 - 21/(-3)). Suppose -1333 = -d + 13*q - n*q, -q = -5*d + 6713. Is d prime?
False
Suppose -32289815 - 18030728 = -91*n. Is n a composite number?
True
Let h be ((-2991)/6 - -4) + 2/4. Let g be (h/(-4)*-2)/(2/(-38)). Suppose 18 + g = 7*i. Is i composite?
False
Let l(v) be the first derivative of 22*v**3/3 + 5*v**2 - 31*v + 108. Is l(-13) composite?
False
Let y(p) = 2242*p + 3173. Is y(5) composite?
True
Let l(t) = -t + 9. Suppose -5 = o - 2*o. Let a be l(o). Suppose 3*v + 203 = a*v. Is v a composite number?
True
Suppose -2*z - 4*d + 1666362 = 0, 141*z - 143*z + 1666347 = d. Is z a prime number?
True
Suppose 0 = 3*c + t - 244527, -81509 = 276*c - 277*c + 2*t. Is c a composite number?
False
Suppose -44756*r + 6548633 = -44743*r. Is r a prime number?
False
Suppose -3*q + 520 = 5*q. Let k = q - 62. Suppose 5*p = 5*u - 8600, p + k - 1 = 0. Is u composite?
True
Let u be (-1 + 0)/(0 - (-2)/(-24)). Suppose b - 4*w = u, -2*b + 5*w = -0*b - 18. Is 13990/30 - b/(-6) a composite number?
False
Suppose -19*b + 4786974 = 5*b + 1699206. Is b a prime number?
True
Let f = -666498 + 1454471. Is f a composite number?
False
Let k(i) = -i**3 + 4*i. Let s be (-8 - (-6)/3) + 4. Let o be k(s). Suppose -2*w + 498 + 400 = o. Is w prime?
True
Is 10121 - (-25)/(325/156) composite?
False
Let z be (9/15)/((-2)/(-20)). Let s = -209 - -210. Is 961/s + z + -8 a composite number?
True
Let v(f) = -10*f**3 + f**2 + 2*f + 11. Let h(y) = -10*y**3 + 3*y + 11. Let x(o) = -2*h(o) + 3*v(o). Is x(-6) a composite number?
True
Suppose -v + 439 = -56. Let h = 931 - v. Let f = h - 97. Is f a composite number?
True
Let b be 0 + 2/(-2) - (-8514)/2. Let a = 8207 - b. Suppose -3*z + 2341 = -5*i, 3*z + 4*i - a = -2*z. Is z composite?
False
Let b(t) = -2*t**3 + 2*t**2 + 2*t + 1. Let i be b(-1). Suppose 2*d - 11693 = h, 4*d = -0*h - i*h + 23391. Is d a composite number?
True
Let z be 3 - (-4)/(6/(-9)*2). Suppose -3*w + 1123 = 2*r, z = w - r - 3*r - 365. Is w prime?
True
Let t(o) = 24*o + 265. Let m be t(-11). Is m*((-3498)/(-6) + (-12)/(-3)) a composite number?
False
Suppose -9*b - 383 = -10*b. Suppose 2*x - b + 1 = 0. Is x a composite number?
False
Let a(z) = 34*z**2 - z - 201. Let r be a(16). Let m = r + 6404. Is m prime?
True
Let h(w) = -290*w - 363. Is h(-62) prime?
False
Suppose 155*k - 55*k + 797026 = 3247926. Is k composite?
False
Suppose 6385 = 10*y - 25915. Suppose 699 = -b + y. Is b composite?
False
Let w(r) = 4*r - 37. Let b(x) = 4*x - 36. Let p(q) = -6*b(q) + 5*w(q). Let v be p(7). Suppose 1056 = v*g - 2*t + 115, -931 = -3*g + 4*t. Is g composite?
False
Let x(u) = 821*u - 9214. Is x(91) a prime number?
True
Suppose -3*u - 4*a = -26, -2*u + 3*u + 5*a = 27. Suppose 0 = -0*g + u*g - 866. Suppose -g - 181 = -2*b. Is b a composite number?
False
Is 41389/(5/(16 + -11)) + 10 composite?
False
Suppose 2*z = -r + 3, 3*r + 2*r - 15 = 3*z. Let x be 8/r + 2/(-3). Suppose a = 4, -x*w + 0*a - 2*a = -174. Is w a composite number?
False
Let o(f) = -879*f**3 - 6*f**2 - 129*f - 545. Is o(-6) a prime number?
True
Is -1858705*(-16)/(-560)*-7 prime?
False
Let h(s) = s**2 - 15*s + 7. Let b be h(8). Let c = b - -670. Suppose -v + 20 = -c. Is v a prime number?
True
Let b = 2154 - -320143. Is b a composite number?
True
Suppose 3*l = -3*r + 11 + 19, 3*r - 40 = 2*l. Suppose 0 = 4*a - a + r. Is a/(-18) + 3724/171 prime?
False
Let r be 36 - (-6 + (-65)/(-10))*-10. Suppose -4*w = -4*x - 13536, -r*x + 39*x = -4*w + 13538. Is w composite?
True
Suppose 29*i - 4509888 - 3592627 = 2142054. Is i composite?
True
Let p = 34 + -28. Let n be -3 - ((-3)/(-2))/(3/p). Is (-1587)/(-6) + -4 - (-9)/n a prime number?
False
Suppose 6*b - 18*b + 5*v = -938878, 0 = -b - 3*v + 78233. Is b a composite number?
True
Suppose -8*p = -101 + 77. Suppose -6298 = -x - p*w, 4*x - 2*w = -w + 25179. Is x a prime number?
False
Let q be -1 - 6/5*(-1 - 9). Suppose -4 = o, 0*c - 3*c + 2*o = -q. Is 177/(-9)*(c - (-3 - -61)) a composite number?
True
Let g(s) = -1 - 73*s + 147*s - 3389*s**2 - 78*s + 12625*s**2. Is g(-1) prime?
True
Is (46737 - -2) + 11 + -8 + 3 composite?
True
Suppose 12*k - 2108 = 11*k + 5*i, 0 = 5*k + 5*i - 10570. Let n = k - 920. Is n a composite number?
False
Let d(u) be the first derivative of -10*u - u**4 - 16 - 4/3*u**3 + 5/2*u**2. Is d(-5) prime?
False
Is (-102235296)/(-576) + (-10)/12 prime?
False
Let j = 367571 - -154142. Is j a composite number?
True
Suppose 4*l + 1760426 + 1365851